e 12?
-1528
What is -357 (base 13) in base 8?
-1103
What is 1036 (base 12) in base 2?
11011101010
-11321022 (base 4) to base 14
-8b22
Convert -121 (base 3) to base 15.
-11
Convert 106 (base 9) to base 12.
73
What is 15 (base 8) in base 10?
13
Convert 612 (base 8) to base 3.
112121
What is 4440 (base 5) in base 3?
211222
What is -345 (base 12) in base 15?
-225
Convert -128010 (base 9) to base 14.
-20604
What is -3416 (base 8) in base 9?
-2426
What is 540023 (base 6) in base 9?
66416
What is -820 (base 11) in base 13?
-5b2
Convert 120102 (base 4) to base 10.
1554
Convert 5a9 (base 11) to base 8.
1324
Convert 3245 (base 6) to base 3.
1000202
-175 (base 14) to base 2
-100101011
What is -3656 (base 7) in base 8?
-2524
What is -1a1a (base 11) in base 4?
-220002
What is 153 (base 16) in base 15?
179
d4e (base 15) to base 5
43444
Convert 2012132 (base 4) to base 9.
12722
What is 7b (base 13) in base 6?
250
Convert -15ea (base 15) to base 16.
-1270
What is 10011110011000000 (base 2) in base 5?
10043323
Convert -758c (base 16) to base 2.
-111010110001100
-128a (base 11) to base 9
-2256
Convert 224122 (base 7) to base 14.
10749
Convert -20105 (base 7) to base 11.
-3715
Convert -1a15 (base 11) to base 4.
-213331
What is -113423 (base 5) in base 12?
-2552
What is -1056 (base 7) in base 6?
-1440
What is -125587 (base 9) in base 16?
-12a0c
What is 20220101 (base 4) in base 10?
35345
What is 10010100101000 (base 2) in base 9?
14038
Convert 1334 (base 5) to base 15.
e9
What is -101124 (base 5) in base 6?
-23121
What is 962 (base 11) in base 13?
6b0
Convert 264 (base 13) to base 4.
12210
Convert -3379 (base 10) to base 8.
-6463
What is 5324 (base 14) in base 16?
3804
-207 (base 13) to base 5
-2340
Convert -202 (base 14) to base 12.
-28a
Convert -c95 (base 13) to base 6.
-13542
What is 808 (base 10) in base 4?
30220
Convert 5004 (base 6) to base 15.
4c4
-107 (base 16) to base 12
-19b
Convert 57831 (base 9) to base 7.
220330
1721 (base 8) to base 10
977
Convert -11111100110 (base 2) to base 7.
-5616
What is 2337a (base 11) in base 2?
1000001110111101
-133300 (base 4) to base 14
-a52
Convert 32a1 (base 14) to base 6.
104325
101221021 (base 3) to base 11
5a98
What is -1011010101 (base 2) in base 3?
-222212
81213 (base 9) to base 5
3202031
What is 13625 (base 7) in base 8?
7237
Convert -817 (base 13) to base 10.
-1372
What is -4207 (base 13) in base 3?
-110112021
What is -25344 (base 8) in base 9?
-16050
-32222 (base 4) to base 8
-1652
What is 10100222 (base 4) in base 12?
a122
What is -642f (base 16) in base 12?
-12a13
-11b (base 14) to base 16
-dd
110220 (base 3) to base 10
348
Convert -21112 (base 7) to base 11.
-3a00
305a (base 12) to base 10
5254
What is 200200001 (base 3) in base 14?
4d61
31033 (base 4) to base 12
5a7
21112211 (base 4) to base 12
1a205
What is -10cb (base 14) in base 16?
-b6b
-171 (base 14) to base 3
-101221
What is 111000111 (base 2) in base 12?
31b
What is 5655 (base 11) in base 3?
101012121
Convert -7420 (base 8) to base 10.
-3856
Convert 11010111110100 (base 2) to base 6.
143540
Convert -115 (base 12) to base 5.
-1121
What is -355b (base 12) in base 10?
-5975
What is 10050 (base 6) in base 3?
1211010
-3031232 (base 4) to base 10
-13166
Convert -926 (base 13) to base 9.
-2115
What is -11810 (base 15) in base 16?
-da07
What is 4 (base 13) in base 2?
100
What is -44028 (base 9) in base 14?
-a8ca
What is 14612 (base 7) in base 14?
16b2
Convert -100210 (base 3) to base 16.
-108
What is 2011021200 (base 3) in base 16?
a5f9
-15486 (base 10) to base 3
-210020120
29538 (base 11) to base 4
22032303
What is 1927 (base 10) in base 15?
887
-1c65b (base 14) to base 4
-101232121
Convert 4852 (base 9) to base 6.
24415
-466b (base 12) to base 3
-101210002
-113203 (base 5) to base 7
-15116
What is -960 (base 10) in base 11?
-7a3
What is -1011100 (base 2) in base 14?
-68
What is -8a0 (base 11) in base 7?
-3100
Convert -1514 (base 9) to base 10.
-1147
125544 (base 7) to base 16
5c31
Convert -3918 (base 12) to base 3.
-22220202
Convert 13655 (base 8) to base 5.
143221
Convert -50568 (base 11) to base 10.
-73884
-3448 (base 13) to base 10
-7327
-1212220000 (base 3) to base 15
-aed3
What is -2100110 (base 3) in base 10?
-1713
123514 (base 8) to base 16
a74c
What is -376 (base 10) in base 5?
-3001
-1461 (base 7) to base 15
-28c
What is 16aa0 (base 12) in base 8?
77630
Convert b22b (base 12) to base 11.
13584
What is 3475 (base 16) in base 12?
7931
-10002221 (base 4) to base 11
-11489
Convert -14514 (base 6) to base 15.
-a6a
Convert 11032133 (base 4) to base 10.
21407
What is 332 (base 9) in base 14?
156
What is 1001100111 (base 2) in base 15?
2b0
Convert 3909 (base 10) to base 9.
5323
Convert -2103 (base 4) to base 8.
-223
55 (base 14) to base 9
83
What is 16d6 (base 16) in base 13?
2879
Convert 3ba (base 15) to base 13.
505
Convert 362062 (base 7) to base 9.
108831
What is b3ae (base 16) in base 15?
d968
What is 321 (base 4) in base 12?
49
What is 110000000 (base 2) in base 9?
466
What is 1200110 (base 3) in base 7?
3402
What is 28a7 (base 15) in base 8?
21003
1420010 (base 5) to base 3
1111022011
Convert 62304 (base 8) to base 9.
38342
What is -7508 (base 10) in base 3?
-101022002
What is -23055 (base 6) in base 9?
-4438
Convert -4327 (base 8) to base 7.
-6412
What is 2814 (base 9) in base 12?
1287
9ed (base 15) to base 6
14224
-134652 (base 7) to base 16
-6471
Convert -27a (base 14) to base 15.
-235
Convert -2381 (base 9) to base 8.
-3356
120042 (base 5) to base 16
112d
Convert -42553 (base 8) to base 11.
-12396
Convert 4321234 (base 5) to base 14.
1ca11
Convert -43121 (base 5) to base 4.
-231133
5203 (base 6) to base 8
2203
What is -965 (base 10) in base 5?
-12330
What is e3 (base 16) in base 3?
22102
-1444 (base 13) to base 4
-231301
What is -533 (base 8) in base 2?
-101011011
2221 (base 5) to base 14
183
1273 (base 11) to base 9
2236
Convert -30176 (base 8) to base 3.
-122000210
What is -1677 (base 8) in base 10?
-959
What is -124030 (base 5) in base 10?
-4890
-2a5a (base 12) to base 5
-124331
What is -1010101100 (base 2) in base 4?
-22230
What is -1000011111111110 (base 2) in base 11?
-2417a
What is 388f (base 16) in base 8?
34217
What is -432b (base 13) in base 9?
-13718
Convert -5565 (base 7) to base 9.
-2670
7a7 (base 15) to base 10
1732
What is -10010111101101 (base 2) in base 10?
-9709
What is 1c (base 14) in base 12?
22
Convert -41474 (base 8) to base 7.
-101116
Convert -224021 (base 5) to base 3.
-101222201
-6135 (base 15) to base 7
-113561
-28c (base 14) to base 16
-204
Convert -4311 (base 7) to base 14.
-7b1
-501 (base 13) to base 10
-846
What is 4014 (base 5) in base 16?
1fd
Convert 12431 (base 6) to base 5.
30031
11d (base 16) to base 2
100011101
Convert 6402 (base 8) to base 5.
101310
What is 1001010000101 (base 2) in base 10?
4741
-2416 (base 8) to base 9
-1687
What is -10010101101 (base 2) in base 4?
-102231
Convert -352 (base 8) to base 10.
-234
2123001 (base 4) to base 3
111121110
-33005 (base 6) to base 12
-2765
What is -64117 (base 8) in base 10?
-26703
What is 1312110 (base 4) in base 7?
31035
What is -1212 (base 4) in base 6?
-250
-36 (base 14) to base 3
-1210
Convert 1341 (base 8) to base 10.
737
What is -1332213 (base 4) in base 12?
-4833
Convert 135 (base 7) to base 15.
50
Convert 7024 (base 8) to base 11.
2787
1273 (base 8) to base 12
4a3
414 (base 13) to base 16
2b5
Convert -755 (base 9) to base 5.
-4432
-955 (base 13) to base 6
-11211
260 (base 13) to base 12
2a8
Convert -275 (base 14) to base 13.
-2c1
Convert -862 (base 11) to base 5.
-13121
-31610 (base 8) to base 12
-7774
333 (base 16) to base 14
427
130131 (base 4) to base 12
1079
What is -64180 (base 9) in base 8?
-122703
-14e (base 15) to base 16
-12b
aae (base 15) to base 14
c46
1c9 (base 16) to base 11
386
What is -58c9 (base 13) in base 12?
-729a
-3678 (base 9) to base 10
-2744
What is -433210 (base 5) in base 16?
-39d5
What is 2975 (base 13) in base 16?
177b
Convert 83 (base 15) to base 6.
323
Convert -3021202 (base 4) to base 6.
-135414
-522 (base 11) to base 12
-445
What is -55130 (base 6) in base 4?
-1312332
Convert -12312 (base 5) to base 4.
-32331
Convert 31102 (base 7) to base 10.
7597
What is 8017 (base 10) in base 8?
17521
What is 936 (base 15) in base 13?
c